{"id":25,"date":"2024-07-12T11:17:15","date_gmt":"2024-07-12T09:17:15","guid":{"rendered":"https:\/\/scibatihorizon.com\/?page_id=25"},"modified":"2024-07-16T08:22:45","modified_gmt":"2024-07-16T06:22:45","slug":"industriel","status":"publish","type":"page","link":"https:\/\/scibatihorizon.com\/index.php\/industriel\/","title":{"rendered":"SOLUTION TERTIAIRE"},"content":{"rendered":"\t\t<div data-elementor-type=\"wp-page\" data-elementor-id=\"25\" class=\"elementor elementor-25\">\n\t\t\t\t<div class=\"elementor-element elementor-element-a1590f6 e-con-full e-flex e-con e-parent\" data-id=\"a1590f6\" data-element_type=\"container\">\n\t\t\t\t<div class=\"elementor-element elementor-element-8b09818 elementor-widget elementor-widget-heading\" data-id=\"8b09818\" data-element_type=\"widget\" data-widget_type=\"heading.default\">\n\t\t\t\t<div class=\"elementor-widget-container\">\n\t\t\t<h1 class=\"elementor-heading-title elementor-size-default\">SOLUTION TERTIAIRE<\/h1>\t\t<\/div>\n\t\t\t\t<\/div>\n\t\t\t\t<\/div>\n\t\t<div class=\"elementor-element elementor-element-1f78e97 e-flex e-con-boxed e-con e-parent\" data-id=\"1f78e97\" data-element_type=\"container\">\n\t\t\t\t\t<div class=\"e-con-inner\">\n\t\t\t\t<div class=\"elementor-element elementor-element-4f74e3c elementor-widget elementor-widget-heading\" data-id=\"4f74e3c\" data-element_type=\"widget\" data-widget_type=\"heading.default\">\n\t\t\t\t<div class=\"elementor-widget-container\">\n\t\t\t<h2 class=\"elementor-heading-title elementor-size-default\">Services aux B\u00e2timents &amp; Installations<\/h2>\t\t<\/div>\n\t\t\t\t<\/div>\n\t\t\t\t\t<\/div>\n\t\t\t\t<\/div>\n\t\t<div class=\"elementor-element elementor-element-d4889a0 e-con-full e-flex elementor-invisible e-con e-parent\" data-id=\"d4889a0\" data-element_type=\"container\" data-settings=\"{&quot;animation&quot;:&quot;fadeInDown&quot;}\">\n\t\t<div class=\"elementor-element elementor-element-a8d7fbe e-con-full e-flex e-con e-child\" data-id=\"a8d7fbe\" data-element_type=\"container\">\n\t\t\t\t<div class=\"elementor-element elementor-element-9306455 elementor-widget elementor-widget-heading\" data-id=\"9306455\" data-element_type=\"widget\" data-widget_type=\"heading.default\">\n\t\t\t\t<div class=\"elementor-widget-container\">\n\t\t\t<h3 class=\"elementor-heading-title elementor-size-default\">Propret\u00e9 &amp; Services Associ\u00e9s<\/h3>\t\t<\/div>\n\t\t\t\t<\/div>\n\t\t\t\t<div class=\"elementor-element elementor-element-1f8c43a elementor-widget elementor-widget-text-editor\" data-id=\"1f8c43a\" data-element_type=\"widget\" data-widget_type=\"text-editor.default\">\n\t\t\t\t<div class=\"elementor-widget-container\">\n\t\t\t\t\t\t\t<p>Nous assurons la propret\u00e9 de vos b\u00e2timents et installations avec des services de nettoyage sur mesure. Nos \u00e9quipes professionnelles utilisent des techniques et des produits adapt\u00e9s pour garantir un environnement sain et agr\u00e9able.<\/p><p>\u00a0<\/p>\t\t\t\t\t\t<\/div>\n\t\t\t\t<\/div>\n\t\t\t\t<\/div>\n\t\t<div class=\"elementor-element elementor-element-debc75b e-con-full e-flex e-con e-child\" data-id=\"debc75b\" data-element_type=\"container\">\n\t\t\t\t<div class=\"elementor-element elementor-element-82fa42e elementor-widget elementor-widget-heading\" data-id=\"82fa42e\" data-element_type=\"widget\" data-widget_type=\"heading.default\">\n\t\t\t\t<div class=\"elementor-widget-container\">\n\t\t\t<h3 class=\"elementor-heading-title elementor-size-default\">Nettoyage Industriel<\/h3>\t\t<\/div>\n\t\t\t\t<\/div>\n\t\t\t\t<div class=\"elementor-element elementor-element-7cfb4e4 elementor-widget elementor-widget-text-editor\" data-id=\"7cfb4e4\" data-element_type=\"widget\" data-widget_type=\"text-editor.default\">\n\t\t\t\t<div class=\"elementor-widget-container\">\n\t\t\t\t\t\t\t<p><br \/>Sp\u00e9cialis\u00e9s dans le nettoyage industriel pour les secteurs de la sant\u00e9, pharmaceutique et agroalimentaire, nous respectons les normes d&rsquo;hygi\u00e8ne les plus strictes pour assurer la s\u00e9curit\u00e9 et la conformit\u00e9 de vos installations.<\/p>\t\t\t\t\t\t<\/div>\n\t\t\t\t<\/div>\n\t\t\t\t<\/div>\n\t\t<div class=\"elementor-element elementor-element-6821296 e-con-full e-flex e-con e-child\" data-id=\"6821296\" data-element_type=\"container\">\n\t\t\t\t<div class=\"elementor-element elementor-element-98858aa elementor-widget elementor-widget-heading\" data-id=\"98858aa\" data-element_type=\"widget\" data-widget_type=\"heading.default\">\n\t\t\t\t<div class=\"elementor-widget-container\">\n\t\t\t<h3 class=\"elementor-heading-title elementor-size-default\">G\u00e9nie \u00c9lectrique et Climatique<\/h3>\t\t<\/div>\n\t\t\t\t<\/div>\n\t\t\t\t<div class=\"elementor-element elementor-element-4b80cb7 elementor-widget elementor-widget-text-editor\" data-id=\"4b80cb7\" data-element_type=\"widget\" data-widget_type=\"text-editor.default\">\n\t\t\t\t<div class=\"elementor-widget-container\">\n\t\t\t\t\t\t\t<p><br \/>Nos services de g\u00e9nie \u00e9lectrique et climatique couvrent l&rsquo;installation, la maintenance et la r\u00e9paration des syst\u00e8mes \u00e9lectriques et de climatisation. Nous nous engageons \u00e0 optimiser le confort et l&rsquo;efficacit\u00e9 \u00e9nerg\u00e9tique de vos b\u00e2timents.<\/p>\t\t\t\t\t\t<\/div>\n\t\t\t\t<\/div>\n\t\t\t\t<\/div>\n\t\t<div class=\"elementor-element elementor-element-252c723 e-con-full e-flex e-con e-child\" data-id=\"252c723\" data-element_type=\"container\">\n\t\t\t\t<div class=\"elementor-element elementor-element-eca9857 elementor-widget elementor-widget-heading\" data-id=\"eca9857\" data-element_type=\"widget\" data-widget_type=\"heading.default\">\n\t\t\t\t<div class=\"elementor-widget-container\">\n\t\t\t<h3 class=\"elementor-heading-title elementor-size-default\">Maintenance Multi Technique<\/h3>\t\t<\/div>\n\t\t\t\t<\/div>\n\t\t\t\t<div class=\"elementor-element elementor-element-135b77b elementor-widget elementor-widget-text-editor\" data-id=\"135b77b\" data-element_type=\"widget\" data-widget_type=\"text-editor.default\">\n\t\t\t\t<div class=\"elementor-widget-container\">\n\t\t\t\t\t\t\t<p>Nous offrons des solutions de maintenance multi technique pour garantir le bon fonctionnement de toutes les infrastructures de vos b\u00e2timents. Nos \u00e9quipes interviennent sur les syst\u00e8mes \u00e9lectriques, m\u00e9caniques et de plomberie.<\/p>\t\t\t\t\t\t<\/div>\n\t\t\t\t<\/div>\n\t\t\t\t<\/div>\n\t\t<div class=\"elementor-element elementor-element-f35dbba e-con-full e-flex e-con e-child\" data-id=\"f35dbba\" data-element_type=\"container\">\n\t\t\t\t<div class=\"elementor-element elementor-element-0c262f9 elementor-widget elementor-widget-heading\" data-id=\"0c262f9\" data-element_type=\"widget\" data-widget_type=\"heading.default\">\n\t\t\t\t<div class=\"elementor-widget-container\">\n\t\t\t<h3 class=\"elementor-heading-title elementor-size-default\">Manutention \/ Logistique<\/h3>\t\t<\/div>\n\t\t\t\t<\/div>\n\t\t\t\t<div class=\"elementor-element elementor-element-cd50a66 elementor-widget elementor-widget-text-editor\" data-id=\"cd50a66\" data-element_type=\"widget\" data-widget_type=\"text-editor.default\">\n\t\t\t\t<div class=\"elementor-widget-container\">\n\t\t\t\t\t\t\t<p>Nos services de manutention et de logistique assurent le transport et le d\u00e9placement efficaces de vos biens au sein de vos installations. Nous optimisons les flux pour am\u00e9liorer la productivit\u00e9 et r\u00e9duire les co\u00fbts.<\/p>\t\t\t\t\t\t<\/div>\n\t\t\t\t<\/div>\n\t\t\t\t<\/div>\n\t\t<div class=\"elementor-element elementor-element-3fa7aaa e-con-full e-flex e-con e-child\" data-id=\"3fa7aaa\" data-element_type=\"container\">\n\t\t\t\t<div class=\"elementor-element elementor-element-41551fb elementor-widget elementor-widget-heading\" data-id=\"41551fb\" data-element_type=\"widget\" data-widget_type=\"heading.default\">\n\t\t\t\t<div class=\"elementor-widget-container\">\n\t\t\t<h3 class=\"elementor-heading-title elementor-size-default\">T\u00e9l\u00e9 S\u00e9curit\u00e9<\/h3>\t\t<\/div>\n\t\t\t\t<\/div>\n\t\t\t\t<div class=\"elementor-element elementor-element-d9dbb54 elementor-widget elementor-widget-text-editor\" data-id=\"d9dbb54\" data-element_type=\"widget\" data-widget_type=\"text-editor.default\">\n\t\t\t\t<div class=\"elementor-widget-container\">\n\t\t\t\t\t\t\t<p>Avec nos services de t\u00e9l\u00e9 s\u00e9curit\u00e9, nous surveillons vos installations \u00e0 distance pour pr\u00e9venir les intrusions et assurer la s\u00e9curit\u00e9 de vos biens et personnels. Nous utilisons des technologies de pointe pour une protection maximale.<\/p><p>\u00a0<\/p>\t\t\t\t\t\t<\/div>\n\t\t\t\t<\/div>\n\t\t\t\t<\/div>\n\t\t<div class=\"elementor-element elementor-element-84f4c41 e-con-full e-flex e-con e-child\" data-id=\"84f4c41\" data-element_type=\"container\">\n\t\t\t\t<div class=\"elementor-element elementor-element-e734377 elementor-widget elementor-widget-heading\" data-id=\"e734377\" data-element_type=\"widget\" data-widget_type=\"heading.default\">\n\t\t\t\t<div class=\"elementor-widget-container\">\n\t\t\t<h3 class=\"elementor-heading-title elementor-size-default\">Espaces Verts\n<\/h3>\t\t<\/div>\n\t\t\t\t<\/div>\n\t\t\t\t<div class=\"elementor-element elementor-element-1a6fecf elementor-widget elementor-widget-text-editor\" data-id=\"1a6fecf\" data-element_type=\"widget\" data-widget_type=\"text-editor.default\">\n\t\t\t\t<div class=\"elementor-widget-container\">\n\t\t\t\t\t\t\t<p>Nous prenons soin de vos espaces verts, en assurant leur am\u00e9nagement et entretien r\u00e9gulier. Nos services contribuent \u00e0 cr\u00e9er des environnements ext\u00e9rieurs esth\u00e9tiques et agr\u00e9ables pour les occupants.<\/p>\t\t\t\t\t\t<\/div>\n\t\t\t\t<\/div>\n\t\t\t\t<\/div>\n\t\t\t\t<\/div>\n\t\t<div class=\"elementor-element elementor-element-d1fb0af e-flex e-con-boxed e-con e-parent\" data-id=\"d1fb0af\" data-element_type=\"container\">\n\t\t\t\t\t<div class=\"e-con-inner\">\n\t\t\t\t<div class=\"elementor-element elementor-element-8a91531 elementor-widget elementor-widget-heading\" data-id=\"8a91531\" data-element_type=\"widget\" data-widget_type=\"heading.default\">\n\t\t\t\t<div class=\"elementor-widget-container\">\n\t\t\t<h2 class=\"elementor-heading-title elementor-size-default\">Services aux Occupants<\/h2>\t\t<\/div>\n\t\t\t\t<\/div>\n\t\t\t\t\t<\/div>\n\t\t\t\t<\/div>\n\t\t<div class=\"elementor-element elementor-element-4bf5f0d e-flex e-con-boxed elementor-invisible e-con e-parent\" data-id=\"4bf5f0d\" data-element_type=\"container\" data-settings=\"{&quot;animation&quot;:&quot;fadeInDown&quot;}\">\n\t\t\t\t\t<div class=\"e-con-inner\">\n\t\t<div class=\"elementor-element elementor-element-3fcd9ff e-con-full e-flex e-con e-child\" data-id=\"3fcd9ff\" data-element_type=\"container\">\n\t\t\t\t<div class=\"elementor-element elementor-element-1bb0d77 elementor-widget elementor-widget-heading\" data-id=\"1bb0d77\" data-element_type=\"widget\" data-widget_type=\"heading.default\">\n\t\t\t\t<div class=\"elementor-widget-container\">\n\t\t\t<h2 class=\"elementor-heading-title elementor-size-default\">Conciergerie<\/h2>\t\t<\/div>\n\t\t\t\t<\/div>\n\t\t\t\t<div class=\"elementor-element elementor-element-26ecc87 elementor-widget elementor-widget-text-editor\" data-id=\"26ecc87\" data-element_type=\"widget\" data-widget_type=\"text-editor.default\">\n\t\t\t\t<div class=\"elementor-widget-container\">\n\t\t\t\t\t\t\t<p>Nos services de conciergerie offrent une assistance personnalis\u00e9e pour r\u00e9pondre aux besoins quotidiens des occupants de vos b\u00e2timents. Nous facilitons la vie des employ\u00e9s et visiteurs en leur fournissant divers services pratiques.<\/p><p>\u00a0<\/p>\t\t\t\t\t\t<\/div>\n\t\t\t\t<\/div>\n\t\t\t\t<\/div>\n\t\t<div class=\"elementor-element elementor-element-511fb24 e-con-full e-flex e-con e-child\" data-id=\"511fb24\" data-element_type=\"container\">\n\t\t\t\t<div class=\"elementor-element elementor-element-ee629d1 elementor-widget elementor-widget-heading\" data-id=\"ee629d1\" data-element_type=\"widget\" data-widget_type=\"heading.default\">\n\t\t\t\t<div class=\"elementor-widget-container\">\n\t\t\t<h2 class=\"elementor-heading-title elementor-size-default\">Accueil en Entreprise &amp; Accueil \u00c9v\u00e9nementiel<\/h2>\t\t<\/div>\n\t\t\t\t<\/div>\n\t\t\t\t<div class=\"elementor-element elementor-element-12bba5a elementor-widget elementor-widget-text-editor\" data-id=\"12bba5a\" data-element_type=\"widget\" data-widget_type=\"text-editor.default\">\n\t\t\t\t<div class=\"elementor-widget-container\">\n\t\t\t\t\t\t\t<p>Nous proposons des services d&rsquo;accueil professionnel pour entreprises et \u00e9v\u00e9nements. Nos \u00e9quipes accueillent vos visiteurs avec courtoisie et efficacit\u00e9, contribuant ainsi \u00e0 une premi\u00e8re impression positive.<\/p>\t\t\t\t\t\t<\/div>\n\t\t\t\t<\/div>\n\t\t\t\t<\/div>\n\t\t<div class=\"elementor-element elementor-element-90c5e5f e-con-full e-flex e-con e-child\" data-id=\"90c5e5f\" data-element_type=\"container\">\n\t\t\t\t<div class=\"elementor-element elementor-element-f279dcf elementor-widget elementor-widget-heading\" data-id=\"f279dcf\" data-element_type=\"widget\" data-widget_type=\"heading.default\">\n\t\t\t\t<div class=\"elementor-widget-container\">\n\t\t\t<h2 class=\"elementor-heading-title elementor-size-default\">Courrier<\/h2>\t\t<\/div>\n\t\t\t\t<\/div>\n\t\t\t\t<div class=\"elementor-element elementor-element-1728a68 elementor-widget elementor-widget-text-editor\" data-id=\"1728a68\" data-element_type=\"widget\" data-widget_type=\"text-editor.default\">\n\t\t\t\t<div class=\"elementor-widget-container\">\n\t\t\t\t\t\t\t<p>Nos services de gestion du courrier assurent la r\u00e9ception, le tri et la distribution efficace de votre correspondance. Nous garantissons un traitement rapide et s\u00e9curis\u00e9 de vos envois et r\u00e9ceptions.<\/p><p>\u00a0<\/p>\t\t\t\t\t\t<\/div>\n\t\t\t\t<\/div>\n\t\t\t\t<\/div>\n\t\t<div class=\"elementor-element elementor-element-ed23cc5 e-con-full e-flex e-con e-child\" data-id=\"ed23cc5\" data-element_type=\"container\">\n\t\t\t\t<div class=\"elementor-element elementor-element-ebd151a elementor-widget elementor-widget-heading\" data-id=\"ebd151a\" data-element_type=\"widget\" data-widget_type=\"heading.default\">\n\t\t\t\t<div class=\"elementor-widget-container\">\n\t\t\t<h2 class=\"elementor-heading-title elementor-size-default\">Factotum<\/h2>\t\t<\/div>\n\t\t\t\t<\/div>\n\t\t\t\t<div class=\"elementor-element elementor-element-3fcfa01 elementor-widget elementor-widget-text-editor\" data-id=\"3fcfa01\" data-element_type=\"widget\" data-widget_type=\"text-editor.default\">\n\t\t\t\t<div class=\"elementor-widget-container\">\n\t\t\t\t\t\t\t<p><br \/>Nos services de factotum offrent une assistance polyvalente pour diverses t\u00e2ches de maintenance et de logistique. Nos \u00e9quipes interviennent pour r\u00e9soudre les petits probl\u00e8mes du quotidien et am\u00e9liorer le fonctionnement global de vos installations.<\/p>\t\t\t\t\t\t<\/div>\n\t\t\t\t<\/div>\n\t\t\t\t<\/div>\n\t\t\t\t\t<\/div>\n\t\t\t\t<\/div>\n\t\t<div class=\"elementor-element elementor-element-5201190 e-con-full e-flex e-con e-parent\" data-id=\"5201190\" data-element_type=\"container\">\n\t\t\t\t<div class=\"elementor-element elementor-element-2435127 elementor-widget elementor-widget-shortcode\" data-id=\"2435127\" data-element_type=\"widget\" data-widget_type=\"shortcode.default\">\n\t\t\t\t<div class=\"elementor-widget-container\">\n\t\t\t\t\t<div class=\"elementor-shortcode\">\t\t<div data-elementor-type=\"wp-post\" data-elementor-id=\"343\" class=\"elementor elementor-343\">\n\t\t\t\t<div class=\"elementor-element elementor-element-e0c8b0b e-con-full e-flex e-con e-parent\" data-id=\"e0c8b0b\" data-element_type=\"container\">\n\t\t\t\t<div class=\"elementor-element elementor-element-f17e2c4 elementor-widget elementor-widget-spacer\" data-id=\"f17e2c4\" data-element_type=\"widget\" data-widget_type=\"spacer.default\">\n\t\t\t\t<div class=\"elementor-widget-container\">\n\t\t\t\t\t<div class=\"elementor-spacer\">\n\t\t\t<div class=\"elementor-spacer-inner\"><\/div>\n\t\t<\/div>\n\t\t\t\t<\/div>\n\t\t\t\t<\/div>\n\t\t\t\t<div class=\"elementor-element elementor-element-3b15a94 elementor-widget elementor-widget-heading\" data-id=\"3b15a94\" data-element_type=\"widget\" data-widget_type=\"heading.default\">\n\t\t\t\t<div class=\"elementor-widget-container\">\n\t\t\t<h2 class=\"elementor-heading-title elementor-size-default\">Vous souhaitez un devis, une prise de contact ?<\/h2>\t\t<\/div>\n\t\t\t\t<\/div>\n\t\t\t\t<div class=\"elementor-element elementor-element-7feba73 elementor-widget elementor-widget-spacer\" data-id=\"7feba73\" data-element_type=\"widget\" data-widget_type=\"spacer.default\">\n\t\t\t\t<div class=\"elementor-widget-container\">\n\t\t\t\t\t<div class=\"elementor-spacer\">\n\t\t\t<div class=\"elementor-spacer-inner\"><\/div>\n\t\t<\/div>\n\t\t\t\t<\/div>\n\t\t\t\t<\/div>\n\t\t\t\t<div class=\"elementor-element elementor-element-8ea514d elementor-align-center elementor-widget elementor-widget-button\" data-id=\"8ea514d\" data-element_type=\"widget\" data-widget_type=\"button.default\">\n\t\t\t\t<div class=\"elementor-widget-container\">\n\t\t\t\t\t\t\t<div class=\"elementor-button-wrapper\">\n\t\t\t\t\t<a class=\"elementor-button elementor-button-link elementor-size-sm\" href=\"https:\/\/scibatihorizon.com\/index.php\/contactez-nous\/\">\n\t\t\t\t\t\t<span class=\"elementor-button-content-wrapper\">\n\t\t\t\t\t\t\t\t\t<span class=\"elementor-button-text\">Contactez-nous<\/span>\n\t\t\t\t\t<\/span>\n\t\t\t\t\t<\/a>\n\t\t\t\t<\/div>\n\t\t\t\t\t\t<\/div>\n\t\t\t\t<\/div>\n\t\t\t\t<\/div>\n\t\t\t\t<\/div>\n\t\t<\/div>\n\t\t\t\t<\/div>\n\t\t\t\t<\/div>\n\t\t\t\t<\/div>\n\t\t\t\t<\/div>\n\t\t","protected":false},"excerpt":{"rendered":"<p>SOLUTION TERTIAIRE Services aux B\u00e2timents &#038; Installations Propret\u00e9 &#038; Services Associ\u00e9s Nous assurons la propret\u00e9 de vos b\u00e2timents et installations avec des services de nettoyage sur mesure. Nos \u00e9quipes professionnelles utilisent des techniques et des produits adapt\u00e9s pour garantir un environnement sain et agr\u00e9able. \u00a0 Nettoyage Industriel Sp\u00e9cialis\u00e9s dans le nettoyage industriel pour les secteurs&#8230;<\/p>\n","protected":false},"author":1,"featured_media":0,"parent":0,"menu_order":0,"comment_status":"closed","ping_status":"closed","template":"","meta":{"_kad_post_transparent":"","_kad_post_title":"hide","_kad_post_layout":"fullwidth","_kad_post_sidebar_id":"","_kad_post_content_style":"unboxed","_kad_post_vertical_padding":"hide","_kad_post_feature":"hide","_kad_post_feature_position":"","_kad_post_header":false,"_kad_post_footer":false,"footnotes":""},"class_list":["post-25","page","type-page","status-publish","hentry"],"_links":{"self":[{"href":"https:\/\/scibatihorizon.com\/index.php\/wp-json\/wp\/v2\/pages\/25","targetHints":{"allow":["GET"]}}],"collection":[{"href":"https:\/\/scibatihorizon.com\/index.php\/wp-json\/wp\/v2\/pages"}],"about":[{"href":"https:\/\/scibatihorizon.com\/index.php\/wp-json\/wp\/v2\/types\/page"}],"author":[{"embeddable":true,"href":"https:\/\/scibatihorizon.com\/index.php\/wp-json\/wp\/v2\/users\/1"}],"replies":[{"embeddable":true,"href":"https:\/\/scibatihorizon.com\/index.php\/wp-json\/wp\/v2\/comments?post=25"}],"version-history":[{"count":26,"href":"https:\/\/scibatihorizon.com\/index.php\/wp-json\/wp\/v2\/pages\/25\/revisions"}],"predecessor-version":[{"id":383,"href":"https:\/\/scibatihorizon.com\/index.php\/wp-json\/wp\/v2\/pages\/25\/revisions\/383"}],"wp:attachment":[{"href":"https:\/\/scibatihorizon.com\/index.php\/wp-json\/wp\/v2\/media?parent=25"}],"curies":[{"name":"wp","href":"https:\/\/api.w.org\/{rel}","templated":true}]}}